er when g is divided by 26?
24
Let d be (0 + -3)/(6/4). Let i(w) = -2*w + 1. Suppose -3*s - 5*a = -4, -s + a = -3 - 1. Calculate the remainder when i(d) is divided by s.
2
Let p(n) = -n**3 - 6*n**2 - 8*n - 4. Suppose y - 5*o = -7, y + 3*o = 2*y + 3. Suppose 6*x = y*x + 18. Calculate the remainder when p(-5) is divided by x.
5
Let x(l) = 3*l + 44. Calculate the remainder when 155 is divided by x(-6).
25
Let z = 93 - 90. What is the remainder when 16 is divided by z?
1
Suppose 3*s + s = 3*g, 3*s = -4*g + 25. Suppose s*i + 48 = 174. What is the remainder when i is divided by 11?
9
Let o(k) = k**3 + 7*k**2 + 4*k - 3. Let h(d) = -29*d**2 - 1. Let f be h(1). Let i = f + 45. What is the remainder when o(-4) is divided by i?
14
Suppose 4*r + 15 + 13 = 0. Calculate the remainder when 19 is divided by (40/28)/((-1)/r).
9
Suppose 4*a + 3 = 167. Calculate the remainder when a is divided by (-4)/2 + (16 - 0).
13
Calculate the remainder when 73 is divided by (1 - (-3)/9)*156/8.
21
Suppose -m - q - 16 = 0, -9 = 5*q + 11. Suppose -105 = -4*k - 5*w, -52 + 157 = 5*k + w. What is the remainder when k is divided by 22/3 - (-4)/m?
6
Suppose -4 = o - 3*o. Calculate the remainder when 8 is divided by ((-18)/(-6))/(2/o).
2
Suppose -260 = h - 6*h. What is the remainder when h is divided by 9?
7
Let v = -1 - -5. Suppose v = 2*q - q, -3*g + q = -29. What is the remainder when 21 is divided by g?
10
Let u(q) = 3*q - 16. Let w = 9 - -5. Calculate the remainder when u(w) is divided by 14.
12
Let t = 2 + 7. What is the remainder when t is divided by 3?
0
Suppose -8*f = -6*f - 22. What is the remainder when 21 is divided by f?
10
Suppose 4*j + 95 - 523 = 0. Suppose r + l = -r + 55, j = 4*r - l. Calculate the remainder when 105 is divided by r.
24
Calculate the remainder when -51*(5 - 6) + -4 is divided by 12.
11
Let i = 7 + -2. Suppose -24 = -c - n, 0 = -i*c - 0*n + n + 132. Calculate the remainder when c is divided by ((-28)/(-12))/((-2)/(-6)).
5
Let a be -6 - (-3 - 0) - -3. Suppose 2*q + q - 63 = a. Calculate the remainder when q is divided by 8.
5
Let f = 85 - 48. Let m(b) = b**2 - 2*b + 7. Let p be m(6). Suppose -4*t = z - 5, -3*t - p - 14 = -3*z. Calculate the remainder when f is divided by z.
11
Let o(s) = 3*s**3 - 4*s**2 - s - 1. Let d(m) = -m**3 + 3*m**2 - 4*m - 3. Let q be d(4). Let n = 49 + q. What is the remainder when o(3) is divided by n?
13
Calculate the remainder when 55 is divided by -4 - (-27 - (-3 + -1)).
17
Suppose 5*h - 281 = -3*t, -t - 296 = -4*t - 2*h. Calculate the remainder when t is divided by 35.
32
Let m(x) be the first derivative of 6*x**2 + 2. What is the remainder when 131/6 - 1/(-6) is divided by m(1)?
10
Let p = 21 + -14. Let a(w) = 5*w + 10. Let o be a(-11). Let t = -32 - o. Calculate the remainder when t is divided by p.
6
Let x = 58 + -34. Suppose s - 36 = 35. What is the remainder when s is divided by x?
23
Let y(r) = -r**3 + 13*r**2 + 16*r - 4. What is the remainder when 117 is divided by y(14)?
21
Let t(n) = 12*n + 13*n - 12*n + 8*n. Let r(s) = -s**2 - s + 62. Calculate the remainder when r(0) is divided by t(1).
20
Suppose -34 + 4 = -3*y. What is the remainder when ((-1)/2)/(2/(-152)) is divided by y?
8
Let u be 1/(((-6)/3)/(-84)). Suppose -2*r = -2*n - u, -r - 5*n + 1 + 20 = 0. What is the remainder when r is divided by 11?
10
Suppose -3*q + q = 0. Let o = 1 - q. What is the remainder when 5/2 + 7/(-14) is divided by o?
0
Suppose 3*y = 223 + 146. What is the remainder when 40 is divided by y/9 + 3/9?
12
Let a(x) = -x**3 - 6*x**2 - 3*x. Calculate the remainder when a(-6) is divided by 7.
4
Let j = 7 - 7. Let w be -1 - j - (0 - 1). What is the remainder when 0/3 - w - -9 is divided by 3?
0
Let w = 19 + 8. Calculate the remainder when w is divided by 15.
12
Suppose -5*b = 2*t - 25, 4*b - t = b + 15. Suppose 0*j - 80 = -b*j. Let g = -16 + 47. What is the remainder when g is divided by j?
15
Let d = 34 - 23. Let m = 1 - -29. Calculate the remainder when m is divided by d.
8
Let d = -9 + 15. Suppose -85 = n - d*n. Let x(j) = j + 5. What is the remainder when n is divided by x(5)?
7
Let j(q) = -q + 3. Let m be j(3). Suppose 4*u = -m*p + p + 50, -3*u + 35 = -2*p. Suppose -2*z - z = -21. Calculate the remainder when u is divided by z.
6
Let f(l) = l**2 - 5*l + 3. Let d be f(5). Suppose d = -n + 2*n. Suppose 0 = n*t + 7 - 61. Calculate the remainder when t is divided by 10.
8
Let r be (-9)/(-15) + 8/(-5). What is the remainder when r/(-1) - (3 + -64) is divided by 16?
14
Let o be -4 - 2*(0 - 25). Let n = -27 + o. Calculate the remainder when n is divided by 12.
7
Suppose -4*w - 8 = 0, 4*w = -3*k - 6 + 7. Let x = k + 4. Let t = -50 + 75. What is the remainder when t is divided by x?
4
Let p(h) be the second derivative of -h**4/12 - 7*h**3/6 - 5*h**2/2 + h. Let k(f) = 8*f - 2. Calculate the remainder when k(2) is divided by p(-5).
4
Let x(p) = 2*p + 2 - p**2 + 5*p**3 - p**3 - 3*p. Let h(q) = q**2 + 4*q + 5. What is the remainder when x(2) is divided by h(-5)?
8
Let n = 72 + -53. Calculate the remainder when 45 is divided by n.
7
Let n be (-12)/4 + 2*5. Suppose -93 - n = -4*a. Calculate the remainder when a is divided by 9.
7
What is the remainder when 12 + 5 + (-3)/(-3)*2 is divided by 6?
1
Let z = 34 + -15. Let r be ((-16)/20)/((-4)/10). Suppose -5*t = -g - 95, -g = t + r*g - z. What is the remainder when t is divided by 10?
9
Suppose -3*w + 3*c = -27, 4*c - 6 = -2*w - 18. Let r be -4*7/(-1)*-1. What is the remainder when (-2*1)/(8/r) is divided by w?
3
Suppose f - 3*s - 124 = 0, 65 = 3*f - s - 275. Calculate the remainder when f is divided by 19.
17
Calculate the remainder when 2 + (-36)/21 + 502/7 is divided by 15.
12
Suppose 249 = 3*f + 102. Let m(c) = c**2 + c + 2. Let i be m(5). Let n = f - i. What is the remainder when n is divided by 9?
8
Let u = 7 - 4. Calculate the remainder when 5 is divided by u.
2
What is the remainder when (-6)/8 + 141/12 is divided by 48/(-56)*(-3)/(18/21)?
2
Suppose p + 284 = -3*f + 8*f, p + 170 = 3*f. What is the remainder when f is divided by 16?
9
Let w = -16 - 6. Let r = w - -13. Let g(z) = -z**2 - 11*z - 11. What is the remainder when 12 is divided by g(r)?
5
Let q be 1/((1/(-1))/(-3)). What is the remainder when 41 is divided by (0 - 14/q)*-3?
13
Let i(s) = -s**2 + 9*s - 4. Let d be i(8). Calculate the remainder when (-23 - 1)/(d/(-8)) is divided by 10.
8
Let f = 8 + -9. What is the remainder when 20 is divided by f/(-2*(-4)/(-88))?
9
Let l be 2*38 - (-3)/(-3). Suppose -w = 4*w - l. What is the remainder when w is divided by (42/(-35))/(6/(-40))?
7
Let w = 47 + -30. Let x = -36 - 13. Calculate the remainder when x*(1 + 0)*-1 is divided by w.
15
Let h be ((-92)/5)/((-6)/30). Let a = 162 - h. What is the remainder when a is divided by 18?
16
Let m(g) = g**3 + 4*g**2 + 6*g - 1. Let w be m(-5). Calculate the remainder when (-1 + 2)/((-2)/w) is divided by 10.
8
Suppose 3*l - 28 = x + 11, 2*x = 6. What is the remainder when ((-10)/(-6))/((-1)/(-15)) is divided by l?
11
Suppose -3 = 5*i - 2*i. Let d(v) = 6*v**2 - v - 1. What is the remainder when 21 is divided by d(i)?
3
Suppose 4*o - 60 = o + 2*p, 2*o - 4*p - 48 = 0. Calculate the remainder when 69 is divided by o.
15
Let n = 4 + 30. Calculate the remainder when n is divided by 9.
7
Let s = -34 - -92. Let k = 85 - s. Let q = k - 4. Calculate the remainder when q is divided by 8.
7
Let c = 11 + -2. What is the remainder when 51 is divided by c?
6
Let v(z) = -8*z**2 - 11 - 8*z**2 + z**3 - 9*z + 5*z**2. What is the remainder when v(12) is divided by 7?
4
Let d = -7 - -5. Let j = d + -19. What is the remainder when 22 is divided by (-120)/j - 2/(-7)?
4
Let d = 55 - 36. Calculate the remainder when 32 is divided by d.
13
Let x(q) = -2*q + 3. Let l(o) = o**2 - 3*o - 3. Let p be l(3). Calculate the remainder when 16 is divided by x(p).
7
Let p(d) = -d**2 + 3. Let v be p(0). Suppose -3*t = -m - 32, v*t - 13 = -m + 27. What is the remainder when 45 is divided by t?
9
Let i = -23 + 50. Suppose 0 = 2*n + 6, p + 0 = -n + 1. Suppose p*f + 10 = 38. What is the remainder when i is divided by f?
6
Let w(z) = -z - 8. What is the remainder when 4 is divided by w(-11)?
1
Suppose j = 4*j - 15. Let m be 2/(1 - (-57)/(-63)). Let p = m - 12. What is the remainder when p is divided b